Let x be 545/4 + 3/v. Is 2/7 + x/14 a multiple of 10?
True
Suppose 0*f = -4*f + 872. Does 27 divide f?
False
Suppose -3*b - 2*b + 40 = 0. Let i(c) = 3*c**3 + 3*c**2 - c + 12. Let j(y) = 5*y**3 + 7*y**2 - y + 23. Let u(p) = 7*i(p) - 4*j(p). Does 9 divide u(b)?
False
Let k(o) = -7*o. Let f be k(1). Let s(c) = c**2 + 5*c - 6. Let h be s(f). Suppose 0 = -5*v, 4*y - 4*v = -h*v + 64. Is 8 a factor of y?
True
Suppose 2*m - 5*t - 187 = -63, -3*t + 12 = 0. Is m a multiple of 18?
True
Suppose -2*c = -c - 20. Suppose -k - 2*k + 60 = -5*p, -4*k = -c. Let s(i) = -i**3 - 9*i**2 - i + 2. Is s(p) a multiple of 4?
False
Suppose 0 = 2*z - 2*t - 12, 0*z - 2*z = t + 3. Let h = z - -1. Suppose k = -0*k + h. Is k a multiple of 2?
True
Suppose 0 = -4*i + 2*i - 18. Suppose 6*x - 3*x = 0. Does 5 divide ((-30)/i - x)*3?
True
Let i be 29/3 - (-2)/(-3). Suppose 2*u = 4*u - 68. Suppose -5*v = -u + i. Is 2 a factor of v?
False
Suppose 200 = 5*c + 4*k, -k - 3 - 37 = -c. Is c a multiple of 19?
False
Suppose -f + 39 = 2*f. Suppose c - 7 = -y, f = y - 4*c + 2*c. Is 5 a factor of y?
False
Let b(r) = 15*r - 13. Let c(h) = -7*h + 6. Let t(v) = 6*b(v) + 13*c(v). Let u be t(-2). Suppose -i - 2*d = -5, -3*d - 1 = -u*i + 2. Is 2 a factor of i?
False
Suppose -5*n = -29 - 166. Does 13 divide n?
True
Suppose 4*h - 2038 = -142. Let u = 278 - h. Does 10 divide u/(-10) + 2/5?
True
Suppose -3 = -4*l + 5*l. Is 20 a factor of 0 + 3 + l + 60?
True
Let f(m) = -168*m**3 - m - 1. Does 14 divide f(-1)?
True
Let t(k) = -k**3 - 9*k**2 + 5*k + 12. Is 31 a factor of t(-10)?
True
Let h = -19 - -38. Let k = h - 11. Suppose k*x - 132 = 4*x. Is x a multiple of 13?
False
Let o = -9 - -27. Is 4 a factor of -4*3/o*-6?
True
Let s = -45 - -66. Suppose -3*k + s = 5*m, -2*k + 7 = 5*m - 4*m. Suppose -k*g - 24 = -4*g. Does 6 divide g?
True
Let x(z) = -z**2 - 13*z - 8. Let n be x(-12). Let l(a) = 2*a**2 - 4*a. Let b be l(n). Let r = b + 8. Is 24 a factor of r?
True
Let c be (-21)/7 + 70/1. Suppose 0 = -3*w + 1189 - c. Is 7 a factor of (-8)/(-36) - w/(-18)?
True
Let m(v) = -v + 12. Suppose -5*i = -3*o - 10, -5*i + 11 = -5*o + 1. Does 11 divide m(o)?
False
Suppose -3*l + 16 - 4 = 0. Let x(f) = -4*f**3 + 5*f**3 - l + 4*f - 4 + 7*f**2. Does 4 divide x(-6)?
True
Let f(s) = 11*s**2 + 2*s + 2. Does 10 divide f(-2)?
False
Let x = -54 - -71. Does 12 divide x?
False
Suppose -5*w - 4*t + 173 = 0, 44 = 2*w + 3*t - 21. Suppose -5 = -5*h, 3*h - w = -5*u + 6*h. Suppose -2*j = 2 - u. Is j even?
False
Let m be 5/(15/(-33)) - 1. Let i = m + 62. Is 22 a factor of i?
False
Let a(h) = -7 + 4 + 6*h - h + h**2. Is a(-6) a multiple of 2?
False
Does 18 divide 317 - (5 + -3)/((-10)/15)?
False
Let u(b) = -b**3 + 4*b**2 + b - 3. Is u(3) even?
False
Is (1 - 153/(-12))*4 a multiple of 11?
True
Let p(v) = 3 - v - 2 + v + 2*v. Let l be p(-3). Let z = 9 + l. Does 2 divide z?
True
Let g(h) = h**3 - 12*h**2 + 4*h + 16. Is g(12) a multiple of 32?
True
Suppose 2*c - 4*c + 52 = 0. Does 2 divide c?
True
Suppose 5*k - 505 = -5*c, 0*k + 2*k + c = 197. Let x be 2*(-2 + (1 - -3)). Suppose x*m - k = m. Does 13 divide m?
False
Let q(z) = -z. Let g be q(3). Let v(t) = -11*t - 3. Does 10 divide v(g)?
True
Suppose 0 = q - 4, q = -3*g + 2*q - 82. Suppose 7 = 2*x - 1. Let l = x - g. Does 14 divide l?
False
Suppose -2*y - 2*y - 20 = 4*o, 0 = -4*y - 5*o - 22. Let s(v) = -v**3 - v**2 + 2*v - 1. Does 11 divide s(y)?
True
Is ((-54)/(-3))/((-9)/(-12)) a multiple of 4?
True
Let z(h) = -h**2 - h + 1. Let n(d) = -d**3 + 11*d**2 - d. Let s(o) = n(o) + 5*z(o). Suppose 0 = y + 3*b + 2, 3*y + y + 2*b = 12. Does 13 divide s(y)?
True
Let l(k) = -12*k - 2. Is 18 a factor of l(-11)?
False
Let w be (-8)/12*189/(-6). Let j = 33 - w. Does 6 divide j?
True
Let n = 25 - 10. Is n a multiple of 15?
True
Suppose 2 = 3*b - 5*b. Let d = 42 - b. Is d a multiple of 16?
False
Let f = -56 + 185. Is 15 a factor of f?
False
Suppose -498 = -10*v + 592. Is v a multiple of 7?
False
Suppose -9 = -5*n - 24. Let v = n + 39. Is 18 a factor of v?
True
Let i be -4 + 3 - (-4 - 1). Suppose -i*y = 43 + 29. Is 13 a factor of 7/((-7)/y) - 2?
False
Let z be 3/4*(54 - 2). Suppose 2*k - 7 + z = 0. Let o = k + 50. Is o a multiple of 13?
False
Let g(d) = -116*d + 6. Is 34 a factor of g(-2)?
True
Suppose m - 53 = 4*k, -5*k - 25 - 10 = 5*m. Let y be (-8)/k*(0 + 9). Is 10 a factor of (-4)/(5/((-75)/y))?
True
Let g(o) = -o**3 - 6*o**2 - 7*o + 2. Let x be g(-5). Let p = -8 + x. Suppose -14 = -p*r + 6. Is r a multiple of 2?
False
Let z(j) = 20*j - 10. Does 22 divide z(5)?
False
Let s(o) = o**3 + 9*o**2 - 5*o - 8. Let m(g) = -5*g**3 - 46*g**2 + 26*g + 39. Let p(d) = 2*m(d) + 11*s(d). Let k be -14*(1 - 1/2). Is p(k) a multiple of 11?
True
Let p(f) = -f + 10. Let r be p(7). Suppose 0*l = -r*l + 12. Suppose 120 = l*c + c. Is 10 a factor of c?
False
Let g = -81 + 141. Does 12 divide g?
True
Let s = -228 - -389. Is 30 a factor of s?
False
Let x(o) = o**2 - 5*o - 2. Let z be x(6). Let y(v) = v**3 - 3*v**2 - 2*v + 1. Does 5 divide y(z)?
False
Let j = -83 + 367. Suppose -i - 4*s = 3*i - j, 2*i = -s + 146. Is 25 a factor of i?
True
Suppose 3*n - 71 = 361. Is 36 a factor of n?
True
Let p(b) = -2*b + 2 + 3*b - 2*b. Let x be p(4). Does 9 divide (x - 11)/((-2)/2)?
False
Let f(w) = -w**3 - 5*w**2 + w + 6. Let p be f(-5). Suppose -2*n = -9 + p. Let z(t) = 3*t**2 - 6*t + 4. Is z(n) a multiple of 14?
True
Let p(z) = -7*z + 7. Let i be p(11). Suppose -2*u - 100 = -0*u. Let t = u - i. Is 13 a factor of t?
False
Let u be (-20 + -3 - 0) + 0. Let w = u + 39. Is w a multiple of 15?
False
Let t(d) = -25*d + 1. Let j(k) = -k**3 - 5*k**2 - 4*k - 1. Let s be j(-4). Does 16 divide t(s)?
False
Let z(o) be the second derivative of -3*o**5/20 - o**4/3 - 2*o**3/3 - o**2 + o. Is 14 a factor of z(-2)?
True
Suppose 292 = 3*x + f, 4*x + x + f - 486 = 0. Is 29 a factor of x?
False
Let r be (9/6)/(4/72). Suppose -5*o + 127 - r = 0. Suppose w + w - o = 0. Is w a multiple of 3?
False
Let k(v) = -6*v - 2. Let m be k(3). Is 14 a factor of (-434)/(-8) + 5/m?
False
Suppose 10 = -2*f + 2, 0 = -2*w + f + 244. Suppose w = 7*h - 4*h. Does 22 divide h?
False
Suppose 0 = 3*s - 2*m + 7*m - 328, 3*s = -m + 332. Is s a multiple of 37?
True
Let i = 3 - 3. Let l(f) = f**3 - f**2 + f + 3. Is 2 a factor of l(i)?
False
Let c(i) = -241*i**3 + 3*i + 2. Does 24 divide c(-1)?
True
Suppose 0 = 2*g - 5*f - 82, -3*g + 29 + 77 = f. Is g a multiple of 6?
True
Is 15 a factor of 1/(-1) - (-46 - 0)?
True
Suppose i - 3*l + 24 = 4*i, 3*i = 5*l. Suppose -i*n - 10 + 92 = 4*x, x = -n + 20. Is 18 a factor of x?
True
Suppose 2*j = -0 - 6. Let o be (-4 + 0)*j/2. Suppose -3*q + 5*z + 3 = 0, q - 2*z + o*z - 18 = 0. Is q a multiple of 3?
True
Let r be 6/3*2/1. Suppose 6 = -b - 3*y, 4*b + r*y = b - 3. Is 3 a factor of b?
True
Suppose -4*k = -2*k + 138. Let u = -15 - k. Is 15 a factor of u?
False
Suppose 4 + 7 = -h. Let b = h + 27. Is b a multiple of 8?
True
Let l = 1 + -8. Let b = l + 18. Is b a multiple of 11?
True
Let b be ((-100)/15)/((-1)/3). Suppose -4*h = h + 2*g - b, -4*g = 20. Is 4 a factor of (-18)/(-8)*32/h?
True
Suppose 3*h = -3*d + 2*h + 97, h = 4*d - 141. Does 10 divide d?
False
Let u be 130/3 + (-2)/6. Let x = u - 18. Is 8 a factor of x?
False
Let m = 9 - -11. Is 29 a factor of 435/m*(-8)/(-3)?
True
Let g(n) = -n**2 - 6*n + 4. Is g(-6) a multiple of 2?
True
Let o be (19/57)/(2/(-6)). Does 34 divide (6 + -8)*17/o?
True
Suppose -13*b + 264 = -9*b. Is b a multiple of 6?
True
Let f(y) = y + 35. Let k be f(0). Let a = -5 + k. Is a a multiple of 15?
True
Suppose -546 = -9*q + 2*q. Is q a multiple of 13?
True
Let l = -6 + 8. Suppose 3 = l*h - 29. Does 16 divide h?
True
Let p(y) = y**2 - 4*y + 7. Is p(8) a multiple of 11?
False
Let c(n) = -n**3 + 12*n**2 - 11*n - 6. Let o be c(11). Let k be 12/o*(-25)/(-2). Let w = k - -44. Is 19 a factor of w?
True
Let c = 1 - 3. Let g be ((-27)/2)/((-6)/12). Let f = g + c. Does 7 divide f?
False
Let z(d) = d - 17. Let x be z(8). Does 17 divide (-122)/3*x/6?
False
Is 51 + 0/(-2) + -2 a multiple of 19?
False
Let o be 1 - (-2 + 5 + -2). Suppose -r + 0*r + 16 = o. Is 13 a factor of r?
False
Let z be -1 - -1 - (-21)/7. Suppose -4*m = -0*m + 5*f - 9, -m + z*f + 15 = 0. Does 3 divide m?
True
Is (-87)/(-6) - (-3)/6 a multiple of 5?
True
Let q(d) = 9*d**2 - 7*d + 2